56.
49
Let f be 0 + -1*(-2 + -3). Suppose -f*p = -s - 3*s + 30, -22 = -4*s + p. Suppose -3*b = -6*b + 24. What is the remainder when b is divided by s?
3
What is the remainder when 22 is divided by 8/56 - (249/(-21) - 2)?
8
Suppose 2*b = -8*b + 40. Suppose -4*v + 2*v = 6. Calculate the remainder when (-17)/v - (-4)/(-6) is divided by b.
1
Suppose -5*v + f = -56, 0 = -4*v - 2*f + f + 43. Suppose -16 + 26 = -5*o. Calculate the remainder when -86*(4/o)/4 is divided by v.
10
Suppose l - 3*i = 204 - 64, -3*i = l - 122. Calculate the remainder when l is divided by 15.
11
Calculate the remainder when (6 - 0)/(13/429*2) is divided by 26.
21
Suppose -4*g + 2*a + 4 = -2*a, 1 = -4*g - a. Suppose 2*r - 15 = -2*f + 73, g = -3*r - 12. Calculate the remainder when f is divided by 10.
8
Let o = 2108 - 2099. Suppose 0*s - 3*s - 129 = 0. Let b = s + 60. Calculate the remainder when b is divided by o.
8
Suppose -40*b = -39*b + 45. Let r = -32 - b. Calculate the remainder when 76 is divided by r.
11
Let f = 101 - 17. What is the remainder when f is divided by 4?
0
Let j(x) = 6*x + 48. Calculate the remainder when (-4)/(-22) + (-6126)/(-66) is divided by j(-6).
9
Suppose -2*m + 246 = 4*i, i = 2*m + 68 - 329. Calculate the remainder when m is divided by 44.
41
Suppose 3*f + 5*f - 256 = 0. What is the remainder when 166 is divided by f?
6
Suppose 4*j - 3*c - 6 + 2 = 0, 3*j = 3*c. Let k = -5984 - -5992. What is the remainder when k is divided by j?
0
Let m(q) = -112*q + 572. Calculate the remainder when m(5) is divided by 9.
3
Suppose -3*l + 4*u - 239 = 0, 151 = -2*l + u - 0*u. Let t = l + 84. What is the remainder when 42 is divided by t?
9
Suppose t - 3 = -5*w + 42, 5*w = t - 45. Suppose -24 = -3*x + 2*x. What is the remainder when t is divided by x?
21
Suppose -2*h = -7*h. Suppose 7*r - 4*r - 9 = h, 3*r - 150 = -3*j. Let v = -137 + 149. Calculate the remainder when j is divided by v.
11
Suppose -3 + 8 = 3*j - 5*v, v + 1 = -5*j. Suppose 3*n + x - 43 = j, n = -2*x + 3 + 8. What is the remainder when 132 is divided by n?
12
Let b(t) = 3*t + 0*t + 2 - 2*t. Let x be (5 + -9)/(3/(-6)). Calculate the remainder when 18 is divided by b(x).
8
Suppose -23*w + 972 = -2271. What is the remainder when 417 is divided by w?
135
Let g = -36 + 9. Let o = g + 155. Suppose 4*q - o = 3*r, -99 - 38 = -5*q - 2*r. What is the remainder when 86 is divided by q?
28
Suppose 4*s - 42 = -2*h, 26*h = 22*h - 20. Calculate the remainder when 181 is divided by s.
12
Let p = 1159 + -1128. What is the remainder when 81 is divided by p?
19
Let f = -304 - -321. What is the remainder when 45 is divided by f?
11
Suppose -7*h + 23*h = 1312. Suppose 1 = i + 7. Let v(n) = -3*n + 3. What is the remainder when h is divided by v(i)?
19
Let u(f) = 3*f**2 + 23*f - 309. Calculate the remainder when u(-25) is divided by 8.
7
Let m = -10 - -5. Let l = m - -8. What is the remainder when 49 - (-8)/(-12)*l is divided by 16?
15
Let z = 123 - -72. Suppose -2*p + 4 = 2*n - 96, -3*n + z = 4*p. Let h = p - 29. Calculate the remainder when 47 is divided by h.
15
Let o(r) = 2*r**2 + 5*r - 4. Let y be o(-3). What is the remainder when (151/(-1))/y - 5 is divided by 37?
35
Let t(a) = a + 4. Let y be t(1). What is the remainder when y/(-4 - -5)*11 is divided by 12?
7
Let k = -1514 + 1523. Calculate the remainder when 383 is divided by k.
5
Suppose 3360 = -317*m + 337*m. What is the remainder when m is divided by 41?
4
Suppose 1370*x - 1287*x = 415. Calculate the remainder when 21 - -4*(-1)/2 is divided by x.
4
Let o be (-11 + 11)/(0 - -1). Suppose 4*q = -3*b + 142, -4*q + 140 = 2*b - o*b. What is the remainder when q is divided by 6?
4
Let r(b) = -b**3 - 8*b**2 - 7*b. Let t be r(-7). Suppose 2*i - 5 - 5 = t. Suppose -6*g = -40 + 16. What is the remainder when i is divided by g?
1
Let u = -274 - -280. What is the remainder when 14*3*(-1)/(-2) is divided by u?
3
Let d be (-5)/((-75)/(-12))*-5. Suppose 2*p - 139 = -3*a, d*p - 4*a = 81 + 147. Calculate the remainder when p is divided by 21.
20
Let b = 2 - 39. Let v = b - -67. What is the remainder when 119 is divided by v?
29
Let w = -645 + 737. What is the remainder when w is divided by 27?
11
Let i(n) = n**3 - 2*n**2 - 8*n - 5. Calculate the remainder when 58 is divided by i(5).
28
Suppose -1232*f = -1225*f - 182. What is the remainder when f is divided by 4?
2
Let a(x) be the second derivative of -x**4/12 - x**3/6 + 11*x**2 + 2*x. What is the remainder when -2 + -1 + 69 - 2 is divided by a(0)?
20
Let n(g) = 39*g**2 + 4*g - 3. Suppose -12*s = -17*s + 5. Calculate the remainder when 197 is divided by n(s).
37
What is the remainder when 98 is divided by 3/(-2) + (-309)/(-6)?
48
Suppose -g + 25 = 7*y - 5*y, 5*g - 8 = -y. Calculate the remainder when 21 is divided by y.
8
Let u(g) = 324*g**3 - g**2. What is the remainder when u(1) is divided by 36?
35
Let q(p) = -p**3 - 7*p**2 + 9*p - 7. What is the remainder when q(-9) is divided by 11?
8
Let o be (-58)/(-3) - 1/3. Let k = 20 + o. Calculate the remainder when 154 is divided by k.
37
Let b = -17 - -14. Let k be 2/b - (-2)/(-6). What is the remainder when 54 is divided by (2/(-4))/(k/28)?
12
Let x = 140 - 129. Suppose 3*p - 160 = -4*q + 2*p, 62 = 2*q - 4*p. Calculate the remainder when q is divided by x.
6
Suppose 14*u - 12 = 12*u. What is the remainder when 69 is divided by u?
3
Let i be (-206)/(-6) - (-2)/3. Calculate the remainder when 471/6 - 2/4 is divided by ((-28)/i)/(1/(-25)).
18
Let g(d) = -d**3 + 9*d**2 - 5*d + 8. Let u = 26 - 27. Let a be 3/(u - 2) + 8. Calculate the remainder when g(a) is divided by 18.
17
Suppose -3*g + 2*g + 248 = 205. Calculate the remainder when g is divided by 2/1 + 0 - -9.
10
What is the remainder when (-9)/(135/(-440))*3 is divided by 18?
16
Let r(b) = 12*b**2 - 33*b + 67. Calculate the remainder when r(2) is divided by 27.
22
Let b(j) = 13*j. Suppose -2*f + 68 = -0*f - 2*s, 0 = -5*s + 15. What is the remainder when f is divided by b(1)?
11
Let i(z) = -6*z - 9. Let r be i(-2). Suppose 4*t - 47 = -h, r*h = 5*h + 4*t - 82. Suppose 9*m - 4*m - 335 = 0. What is the remainder when m is divided by h?
32
Let n = -18472 - -18503. Suppose 3*h = -2*h - 170. Calculate the remainder when n is divided by h/(-4)*(1 - -1).
14
Let z(u) = -52*u**3 - 2*u - 2. Let a be 3/(-6) + 6/(-12). Let l be z(a). What is the remainder when (-8)/(-16)*(-2 + l) is divided by 13?
12
Let d be (-3 + -3)/(3/10). Let r = 24 - -7. Let c = r + d. What is the remainder when 42 is divided by c?
9
Suppose 101*b - 43*b = 16472. What is the remainder when b is divided by 74?
62
Suppose 3*v - 4*g = 590, -v = 2*g + 2*g - 186. What is the remainder when v is divided by 50?
44
Let r(j) be the third derivative of -j**4/24 + j**2. Let x(m) = -2*m**2 + 1. Let p(s) = 3*r(s) - x(s). What is the remainder when p(5) is divided by 9?
7
Suppose 2480 = 28*u + 12*u. Calculate the remainder when 234 is divided by u.
48
What is the remainder when 1/(2/216 + 0) is divided by 430/(-172)*(132/(-15) + 0)?
20
Suppose 5*j - 166 + 11 = 0. Suppose -2*x - 5*z - j = -4*x, 4*x + 2*z = 2. Calculate the remainder when (-8)/(-24*16/240) is divided by x.
2
Let c = 8 + 1. Suppose x = -5*r - c - 2, -5*r = -x + 19. Calculate the remainder when 11 is divided by x.
3
Suppose 27 = 3*y - 3*x, 2*y = -5*x + 3*x + 34. Let r(f) = -3*f - 8. Let d be r(-15). Suppose 0 = c - d + 29. What is the remainder when y is divided by c?
5
Let f(p) = -p**2 - 10*p - 11. Let c be f(-15). Let a = -39 - c. Calculate the remainder when a is divided by 25.
22
Let p = -364 + 436. Calculate the remainder when p is divided by 31.
10
Suppose j - 213 = -14*j - 2*h, -5*j = -4*h - 29. Calculate the remainder when (-302)/(-6) + (-2)/(-3) is divided by j.
12
Suppose -13*a + 12*a - 5*c = 6, 5*a + 3*c - 14 = 0. What is the remainder when 29 is divided by a?
1
Let p = 47 + -3. Let y be 11/p + 17/(-4). What is the remainder when 31 is divided by (7 - 1)*y/(-3)?
7
Let h = -79 + 67. Calculate the remainder when (h/14)/(16/(-3472)) is divided by 11.
10
What is the remainder when 50401/130 + (-5)/(200/(-12)) is divided by 65?
63
Suppose -174 = 5*u - z - 816, -u - 2*z = -135. Calculate the remainder when u is divided by 15.
9
Calculate the remainder when 98 is divided by (-32)/(-7 - -11) + 35.
17
Let u(a) = -352*a 